 Let c be o(5). Suppose -18*a = -8*a - c. Suppose 0*r = -a*r + 5444. Is r a composite number?
False
Suppose 1158*p - 581*p + 2606733 = 586*p. Is p prime?
True
Let b = -11954 - -78453. Is b a prime number?
True
Suppose -7*s + 10 = -25. Suppose -4*l + s*k = 9, l + k - 13 = -l. Is 17902*(l/(-8) + (0 - -1)) a composite number?
False
Let s(a) = -5*a**2 - 1. Let d be s(1). Let b(v) = 3*v**3 - 4*v**3 - 5*v**2 + 5 - 7 - 10*v. Is b(d) prime?
False
Suppose -9*j - 4*x + 40 = -5*j, 0 = 3*j - 4*x - 51. Suppose -j*r + 9282 = -12415. Is r a composite number?
False
Suppose 4*w = m - 205929, 82*w = 3*m + 83*w - 617735. Is m composite?
False
Let f = 8622 - 3413. Is f a composite number?
False
Suppose 5*r + 4*m = 17984, -4*m - 14380 = -6*r + 2*r. Let s = r + -635. Let f = s + -1894. Is f composite?
True
Suppose 4*o - 12 = 4*i, -7*o + 6 = -5*o - 5*i. Let l(u) = 714*u + 13. Is l(o) composite?
True
Suppose 4*m = 2*t - 6*t + 6728, t + 8410 = 5*m. Suppose 10598 = 8*b - m. Is b a prime number?
False
Let u(h) = -6*h**2 + 8*h + 5. Let a(p) = -p. Let j(b) = -5*a(b) - u(b). Let w be 0/(-2) + (4 - -6). Is j(w) a composite number?
True
Let c be (-6 + (-16)/(-4))/(-2). Suppose 5*g = 2*j + 183, -j - 5 + c = 0. Suppose -5*d = -2*y - g - 158, -5*d + 205 = -5*y. Is d composite?
False
Let k(i) = -12*i + 24. Let b be k(2). Suppose s = 4*s - 3*f - 6486, -4*s - 2*f + 8642 = b. Is s a composite number?
False
Suppose 8 = -2*u + 4*o + o, -3*o = 0. Let y(p) be the third derivative of -7*p**6/120 + p**5/30 - 5*p**4/24 - p**3/6 + 16*p**2. Is y(u) a prime number?
True
Suppose -3*c + 8 = -2*n, -2*c = 5*n - 18 - 0. Suppose y = n*l + 5319, y - l - 5326 = -6*l. Is y a composite number?
True
Suppose -4*h - 64546 = -2*u, 4*u - 5*h - 54394 = 74701. Let z = -11678 + u. Is z composite?
True
Let u = 1207 - 458. Suppose 2782 = 5*l + d, -4*l - u = d - 2974. Is l a composite number?
False
Let h(j) = 28*j + 1. Suppose 6*l = 3 - 45. Let c be ((-84)/8)/l*6. Is h(c) composite?
True
Suppose -4*f + 16 = 4*w - 3*f, 2*w = 4*f + 26. Let c(z) = 18*z**3 - 7*z**2 + 6. Is c(w) a composite number?
False
Let i be (6 - (-124)/8)*(65 + -3). Let o = 1890 - i. Is o prime?
True
Suppose -954545 = 5*b - 6002454 - 410346. Is b a prime number?
False
Suppose 3*h + 1446 = v, 4*v + 3*h = -0*v + 5754. Let d = v + -27798. Is d/(-14) + -2 + 96/42 a prime number?
False
Suppose 2184 = -3*x - 1203. Let r = -204 - x. Let v = -294 + r. Is v a composite number?
False
Let r be 3*(1 + 2/(-3)). Let f be ((-6)/(-18))/(r/282). Suppose -m = -659 - f. Is m a prime number?
False
Let n(z) = 486562*z - 4859. Is n(6) prime?
False
Suppose 61*u - 5413896 - 19633072 + 4273967 = 0. Is u a composite number?
False
Suppose 0 = 25*j - 3024271 - 3344482 + 1858578. Is j a composite number?
True
Let n(i) = 13*i**3 + 18*i**2 - 5*i + 15. Let t(z) = 19*z - 50. Let q be t(3). Is n(q) a composite number?
True
Let h be 6/((-270)/(-603)) + 2/(-5). Suppose 12*r - h*r + 6353 = 0. Is r composite?
False
Is 239114 - 57/(-19)*10/6 composite?
False
Let i = -33890 + 58195. Is i a composite number?
True
Let z be 48/21 - -1*(-4)/14. Suppose -z*q - 15 = -5, 4*q - 15125 = -5*m. Is m prime?
False
Suppose 3*d - 5*x - 7354 = 0, 4*d - 7040 = 5*x + 2767. Suppose -4*n = 7*n - d. Is n prime?
True
Let d = -134422 - -760941. Is d prime?
True
Let o = 62 + -59. Suppose -o*r + 8 = -4*p - 5, 0 = 4*p + 4. Suppose 0 = r*x + 2*x - 75. Is x prime?
False
Let p = 747310 - 509613. Is p a composite number?
True
Suppose 3477355 = 63*c - 28*c. Is c a composite number?
True
Let h(d) be the second derivative of 41*d**4/6 + 2*d**3/3 + 9*d**2/2 - d + 47. Let a(f) = -f - 11. Let c be a(-9). Is h(c) composite?
True
Let w(r) = r**2 - 14*r + 50. Let g be w(9). Suppose -4*a - 11*i + 4293 = -10*i, -g*a - 3*i = -5368. Is a composite?
True
Suppose 29*k - 5265304 = -59*k. Is k a composite number?
False
Let s(w) = 17324*w - 3225. Is s(4) a prime number?
True
Let y(z) = z**2 + 6*z - 2. Let f be y(-11). Is 92/23 - f/(-1)*21 composite?
False
Let g be 3 + -6*(-52)/8. Let u = g + -47. Is u - (-4 + 0) - 2*-292 prime?
False
Let d(x) = 595*x**2 - 53*x + 17. Is d(11) prime?
True
Let c(r) = r**2 - 2*r - 9. Let d be c(4). Let f = 31 - d. Suppose -2*s = f - 558. Is s composite?
False
Let t(q) = -1627*q - 116. Let m be t(-12). Suppose -9*d = 7*d - m. Is d composite?
False
Is 1549028/78*21/2 a composite number?
True
Is (2/3 - 278128/(-6))*(-267)/(-178) prime?
False
Suppose -i + 98 = -3*l, l - 254 = -3*i - 0*l. Suppose -w - 4*w = -3*y + 193, -6*w = y - 95. Let d = i + y. Is d a composite number?
False
Let q = -23976 + 101153. Is q a composite number?
True
Let x be ((-5)/(-25)*-1772)/(2/(-10)). Let j = x - -381. Is j prime?
True
Suppose -2*q + 3*c - 17 = -5, q + 2*c - 8 = 0. Let j(o) = -o**2 + 3*o + 521. Is j(q) a prime number?
True
Let p(k) = k**2 - 11*k + 23. Let o be p(9). Suppose -r - 3*r + 43344 = o*m, -4*r + 43308 = -4*m. Is r prime?
True
Let h(b) = 2*b**3 + 3*b**2 - 4*b - 6. Let g be h(-3). Let m(u) = -5*u - 52. Let s be m(g). Suppose 4*x - 4*o - s = 259, 2*x = 5*o + 153. Is x prime?
True
Let z(h) = h**2 - 7*h + 10. Suppose -4*s + 24 = n, n - 4*s + 5 + 3 = 0. Let f be z(n). Suppose -9*k - 4707 = -f*k. Is k a composite number?
False
Let t(a) = 6*a**2 - 11*a - 18. Let u(z) = -z**2 - z - 1. Let x(s) = t(s) - 4*u(s). Let h be x(11). Suppose 5*n = h - 64. Is n a composite number?
False
Let u be (-78)/(3 - 3 - 2). Suppose -3*y + z - 6*z = -17, -5*y - 3*z = -u. Is 3435/y + 8/(-12) a composite number?
True
Suppose i - 2*z = 169149, 257*i - 252*i - 845682 = z. Is i a prime number?
False
Let t = 228 - 240. Is 3/t - 225197/(-4) a prime number?
True
Let m(a) = -6*a**2 - 66*a - 32. Let h(n) = 12*n**2 + 131*n + 64. Let l(g) = 3*h(g) + 5*m(g). Is l(-29) composite?
False
Is (1/(4/(-294715)))/((-126)/504) a composite number?
True
Suppose 2516*m + 6842119 = 2563*m. Is m a composite number?
False
Let s be 4/40*-2 + (-595)/25. Is s*(-11296)/36 + 1/3 composite?
True
Let l(k) = -5116*k + 1037. Is l(-38) prime?
False
Let a(p) be the first derivative of 13*p**4/4 - 11*p**3/3 + 17*p**2/2 + 15*p - 65. Is a(10) a composite number?
True
Let l(s) be the second derivative of -17*s**6/45 + 5*s**5/24 - 5*s**4/6 + 2*s. Let p(t) be the third derivative of l(t). Is p(-6) prime?
True
Suppose -31*t = 17*t - 5611517 - 4696915. Is t a composite number?
False
Let q(v) = 9*v**2 + 265*v + 237. Is q(44) a composite number?
True
Is 20/130 - 33905544/(-104) a composite number?
True
Let k(v) = -v**3 - 9*v - 1. Let y(a) = -17*a - 1 - 18*a - 15*a + 41*a. Let u(d) = 3*k(d) - 2*y(d). Is u(-6) composite?
False
Let f be 75267/12*72/54. Let a = f - 2394. Is a a prime number?
False
Let j(g) = -g**3 - 5*g**2 + 2*g - 27. Suppose 0 = 4*x - 4*q - 7 + 59, 0 = -3*x - 2*q - 44. Is j(x) prime?
True
Suppose 0 = -5*y - 26 - 4. Let k be 88 - (5 - 7 - y). Let j = 103 - k. Is j prime?
True
Let t(b) = -b**3 + b**2 - 5*b - 11. Let i(r) = -r**3 + 28*r**2 - 26*r - 32. Let h be i(27). Let c be h/(20/24) - 0. Is t(c) prime?
True
Let b(i) be the third derivative of i**4/4 - 37*i**3/6 + i**2. Suppose 9*u + 60 = 5*d + 12*u, -4*u + 25 = 3*d. Is b(d) composite?
False
Suppose -4*j = -0*j - 239404. Is j composite?
True
Let m(y) = 2*y**2 - 36*y - 35. Let c be m(19). Suppose 5*j = 6*g - 11*g + 54820, -3*j + c*g = -32922. Is j prime?
False
Let c = -37 + 37. Suppose 0 = -2*m + 3*v - 2*v, c = 5*v. Suppose 2876 = -m*u + 4*u. Is u a prime number?
True
Let g(h) = -31*h**3 - 19*h**2 + 170*h - 17. Is g(-30) prime?
True
Suppose 4*s = 5*u + 15335, 3*u + 9517 = 3*s - 1982. Let h = s + -2659. Is h prime?
True
Let q(y) = y**3 - 14*y**2 + y - 5. Let u be q(14). Suppose -18 = -3*k - 4*h, -3*k + h = -6*k + u. Suppose k*g + 437 = 1699. Is g prime?
True
Suppose 4*h + 61739 - 167719 = 0. Suppose -4*s + h = 2803. Is s a prime number?
True
Let x(v) = 11*v**2 + 25*v - 45. Let u be x(-15). Let c = -82 + u. Is c a composite number?
False
Suppose 5*n - 281 = -271. Suppose 0*v - 84 = -3*v. Suppose 137 + 17 = 4*p + n*f, -v = -p + 3*f. Is p a composite number?
False
Let w(m) be the second derivative of -m**5/20 - 3*m**4 + 19*m**3/6 + 25*m**2/2 - 54*m. Is w(-37) a composite number?
False
Let a = -7652 - -4034. Let z = a + 7480. Is z a prime number?
False
Suppose 2*i + 5*r = -16, -14 = -4*i + 2*r + 2. Suppose -4*f = -j - 5544, 